 v = -g. What is the highest common factor of 21 and g?
3
Let o be (-8)/6*48/(-32). Suppose -5*v - o*v + 28 = 0. Let p be 1 + -2 + 1 + 36. What is the greatest common factor of v and p?
4
Let a = -31 + 45. What is the highest common divisor of a and 2?
2
Suppose -7*v + 2*v + 90 = 0. Suppose -2*l = -2*m - 5*l + 39, 71 = 3*m + 2*l. What is the highest common divisor of m and v?
9
Suppose 0 = -3*z - z - 40. Let r = z + 17. Let l(i) = i + 6. Let n be l(-5). Calculate the greatest common factor of r and n.
1
Let j be ((-5)/(-10))/(1/2). Let q(b) = 13*b**3 - 2*b + 1. Let i be q(j). Let z = -4 + i. What is the greatest common divisor of z and 72?
8
Let w(x) be the second derivative of x**4/12 + 2*x**3/3 + 3*x**2 + 2*x. Let d be w(-5). Calculate the greatest common factor of 88 and d.
11
Suppose 181 - 195 = -q. Calculate the highest common divisor of 14 and q.
14
Suppose o - 5 = 2*o. Let x = 7 + o. What is the highest common divisor of 2 and x?
2
Let w be 634/(-14) - (-10)/35. Let y = 185 + w. Let g = 9 + 11. What is the highest common factor of y and g?
20
Let b = -8 + 10. Let w be (b + (0 - 3))*-36. Calculate the greatest common divisor of 4 and w.
4
Suppose 0 = -2*y, -5*m + 5 = 2*y + 3*y. Suppose -5*b + 10*b + a - 13 = 0, 0 = -b + a - 1. Calculate the greatest common divisor of m and b.
1
Suppose 17 = z - 47. Let p(q) = q - 2. Let o be p(2). Suppose 4*u - 33 + 1 = o. Calculate the highest common divisor of z and u.
8
Let h(i) = -i**2 - 8*i - 2. Let l = -3 - 4. Let g be h(l). Calculate the greatest common factor of 5 and g.
5
Let o(x) = -4*x + 2. Let n be o(-4). What is the highest common factor of 18 and n?
18
Let n be 2*(0 + 1*30). Let i = 9 + 15. Calculate the greatest common divisor of i and n.
12
Let k(i) = i + 60. Let g be k(0). Let d be (0 + 19)*(-4 - -3). Let j be (-1)/(-2) + d/(-2). Calculate the highest common factor of g and j.
10
Let a = 27 - 11. Calculate the highest common divisor of a and 48.
16
Suppose -7*w + 4*w + 36 = 0. Suppose 6*z + 0*z - 24 = 0. Calculate the greatest common factor of z and w.
4
Let p(v) = 2*v**2 + 2*v - 1. Let m be p(-9). Calculate the greatest common factor of m and 13.
13
Suppose 5*i - 111 = -1. What is the highest common divisor of i and 22?
22
Suppose 5*f = 0, 0 = -4*o - 0*o - f + 16. Suppose o*k = 49 - 1. Calculate the highest common factor of 108 and k.
12
Suppose -9 + 243 = 9*o. Calculate the greatest common factor of 286 and o.
26
Let n(v) = v**3 + 8*v**2 - 12*v - 7. Let z be n(-9). Let t be (0 - (-33)/3) + -1. What is the greatest common divisor of z and t?
10
Suppose 5*m = 2*m. Suppose -4*z + 6*o - 3*o + 126 = 0, m = -z - 5*o + 43. What is the greatest common divisor of 11 and z?
11
Suppose t - 3 = 0, 3*r + 4*t - 30 = 6*t. What is the greatest common divisor of 12 and r?
12
Let s = 310 + -210. What is the highest common divisor of 20 and s?
20
Let m be 0 - (4*(-5 + 3) + -2). Calculate the greatest common factor of m and 60.
10
Let z = 35 - 33. Let c be 12/(-9)*3/(-2). Suppose c = 2*j + 3*x - 8, -3*j + x + 15 = 0. Calculate the greatest common divisor of z and j.
1
Let w = 4 - 8. Let l(f) = f. Let h be l(w). Let n(b) = -18*b. Let i be n(h). What is the highest common factor of 8 and i?
8
Let g = 85 + -65. What is the highest common divisor of g and 40?
20
Suppose 2*a = -0*a + 84. Calculate the greatest common divisor of 21 and a.
21
Suppose -2*u + 84 = -0*u - o, -5*u + 4*o = -207. What is the greatest common factor of 387 and u?
43
Suppose -h - 3*h = 2*r - 74, 0 = 3*r - h - 132. Let k = -25 + r. What is the greatest common factor of 2 and k?
2
Suppose -3*w - 4*t - 484 = -8*w, -5*w + 480 = -5*t. Calculate the highest common divisor of 20 and w.
20
Suppose -3*w + 128 = w. What is the greatest common factor of 96 and w?
32
Let a be 272/14 - 6/14. Suppose 3*t - 456 = -0*t. What is the highest common divisor of t and a?
19
Suppose 0 = 4*d - 5*q - 56, 2*q = -5*d + 8 + 29. Let u(c) = -c**3 + 5*c**2 + 5*c + 11. Let g be u(5). Calculate the greatest common divisor of d and g.
9
Let c(b) = -4 + 7*b + 0*b**2 + 0 - 1 - b**2. Let f be c(4). Calculate the greatest common factor of f and 63.
7
Let k(v) = v**3 - 5*v**2 + 8*v + 4. Let l be k(6). Calculate the greatest common factor of l and 11.
11
Let x(u) = -22*u + 11. Let n be x(-6). Calculate the greatest common factor of n and 13.
13
Let s = 9 - 12. Let l be 2 - (27/s - 1). Calculate the highest common divisor of 132 and l.
12
Let s = -63 + 94. Calculate the greatest common divisor of s and 124.
31
Let r = -5 - -8. Calculate the highest common factor of 2 and r.
1
Let b(w) = w + 3. Let d be b(-12). Let l be (d/5)/(17/(-85)). Calculate the highest common divisor of 99 and l.
9
Let h(w) = 6*w - 14. Let p be h(5). What is the greatest common divisor of p and 2?
2
Let s(z) = 37*z**2 + 2*z. Suppose -j + 15 = 2*j. Let i(p) = p - 7. Let o be i(j). Let d be s(o). Calculate the greatest common factor of 16 and d.
16
Let y(r) = -r**2 + 6*r - 7. Let j be y(5). Let q be 2*j/12*-6. Calculate the highest common factor of 20 and q.
2
Let k(n) = 6*n + 1. Let f be k(-1). Let x(c) = 10*c**2 + 5*c. Let b be x(f). Let d = -21 + 46. Calculate the greatest common divisor of d and b.
25
Let b(s) = -4*s - 17. Suppose -5*z - 5*o - 60 = 0, z + z + 9 = o. Let y be b(z). Calculate the highest common factor of 77 and y.
11
Let u(w) = 2*w**2 - 24*w + 24. Let n be u(13). Suppose -b = 3*f - 370, f + 3*f - 3*b = 515. What is the highest common divisor of f and n?
25
Suppose 0 = 2*b + 3*b - 20. Suppose 10 = -2*m - b*w, 14 + 2 = 4*m - 4*w. What is the highest common factor of m and 4?
1
Suppose 0 = -a + 5*a - 88. Suppose -5*y - 232 = -b - 10*y, 0 = -4*y - 8. What is the greatest common factor of a and b?
22
Suppose -8*x + 77 = -3*x - 4*s, -3*x - 5*s = -61. Suppose -t + 35 = 4*t. Let b = x - t. What is the greatest common divisor of b and 50?
10
Let a(k) = k**3 + 12*k**2 - 8*k - 11. Let b be a(-11). Suppose 3*t = 4*d + 42, 4*t - t = 2*d + 48. What is the greatest common factor of b and t?
18
Suppose -4*d - 3*f + 36 - 7 = 0, 1 = -f. What is the greatest common divisor of 56 and d?
8
Suppose -666 = 5*j + 6*a - 2*a, 0 = -4*j + 5*a - 541. Let v = j - -439. Let y = v + -161. Calculate the highest common divisor of 16 and y.
16
Suppose -2*v + 4*v = -3*l + 22, -v - 2*l = -13. Calculate the highest common factor of 5 and v.
5
Let u(j) = j**2 - 4. Suppose -3*w - 5*h = 9, 2*w + 2*w - h = 11. Suppose -w*t - 15 = 3*t. Let x be u(t). Calculate the greatest common divisor of 2 and x.
1
Let a be (-11)/(-3) + (-7)/(-21). Suppose 0 = 4*m + 3*p - 69, 4*m + a*p - 109 = 9*p. What is the highest common divisor of 189 and m?
21
Suppose 39 = 4*o - 5. Suppose -3*g + o + 4 = 0. What is the greatest common factor of 40 and g?
5
Suppose 4*z = 3*c - 2*c + 12, -4*z + 8 = -2*c. Let a = 11 - z. Suppose 3*l + 0*l - 84 = 0. What is the highest common divisor of a and l?
7
Let g = 1 + 5. Suppose -h + 0*h = -g. What is the greatest common divisor of 1 and h?
1
Let h(f) be the second derivative of -f**3/3 + f**2 + f. Let l be h(-4). Calculate the highest common factor of l and 10.
10
Let j(m) = m**2 - 3*m. Let t be j(-5). Calculate the highest common factor of 8 and t.
8
Suppose 2*g - 7 + 3 = 0. Suppose 2*r - 4*v = -0 - g, 5*r + 5*v = -80. Let i = 99 + r. Calculate the highest common factor of i and 11.
11
Let s = 20 - 18. Suppose -r = s - 15. Suppose 3*f - 107 = n + 92, 4*n = -3*f + 179. Calculate the highest common factor of f and r.
13
Let d = 29 - 15. Suppose 0 = x - d - 22. What is the highest common divisor of 24 and x?
12
Suppose 5*j - 37 - 83 = 0. Suppose 0 = -a + 7 - 0. Suppose -a - 9 = -p. What is the greatest common divisor of j and p?
8
Let i(c) = -2*c**3 - 2*c**2 - 4. Let t be i(-3). Let r be (-676)/36 - (-2)/(-9). Let g = t + r. What is the greatest common divisor of g and 52?
13
Let p = -9 + 13. Suppose -p*n = -0*n - 300. Let s be (0 - -2)/2*15. Calculate the greatest common divisor of n and s.
15
Suppose 0 = l + 1 - 10. Let w = l - -3. Calculate the greatest common factor of 12 and w.
12
Let a(o) = o + 6. Let z be a(-8). Let d be (z/4)/((-1)/2). Suppose 8*w - 3 = 5*w. What is the greatest common divisor of w and d?
1
Suppose 2*s = 76 - 16. Suppose 10 + 2 = 4*a - 2*u, -a + 3*u + 8 = 0. Suppose a*b - 7 = m, 2*m - 6*m